of u*(-3)/((-6)/(-10)).
2, 5
Suppose j - 3 = -0*j. Let s be (-1 - 3/(-1)) + j. Suppose 2*q - 5 = q, -s*v = -q - 160. List the prime factors of v.
3, 11
Let m = 2090 + -127. List the prime factors of m.
13, 151
Suppose -3700 = 5*y - 15*y. List the prime factors of y.
2, 5, 37
Let a = 877 - 131. List the prime factors of a.
2, 373
Suppose -108 + 11 = b. Let k = 22 + -79. Let l = k - b. List the prime factors of l.
2, 5
Let q = -30 - -58. Let y(f) = 3*f**2 - 23*f - 9. Let c be y(10). Let v = c - q. What are the prime factors of v?
3, 11
Suppose -l = 5*b + l + 276, 4*l = 5*b + 258. Let j = b - -110. What are the prime factors of j?
2, 7
Suppose 3*c = 2544 + 2286. Suppose 0 = -5*a + 19*a - c. List the prime factors of a.
5, 23
Let n(x) = -6*x - 7. Let q be 318/(-30) - 2/5. Let k = -17 - q. What are the prime factors of n(k)?
29
Suppose -172*c + 162*c + 2330 = 0. List the prime factors of c.
233
Let b be ((-1)/(-2)*2)/(3/249). Let f = b + -77. List the prime factors of f.
2, 3
Let z(d) = -27*d - 6. Suppose -12 = 9*b - 5*b. List the prime factors of z(b).
3, 5
Suppose 3*t - 6 = 6. Suppose -g = -3*f + 59, 2*g + 61 = -f + t*f. List the prime factors of f.
19
Suppose 0 = 3*g - 122 - 19. List the prime factors of g.
47
Suppose 0 = 3*s + 8*p - 12*p - 1971, 2*s + 4*p = 1294. List the prime factors of s.
653
Suppose z + 117 = -2*z. Let k = 43 + z. Suppose k*a - 255 = -67. List the prime factors of a.
47
What are the prime factors of 51/4*252/(9 - 2)?
3, 17
Suppose 3*q - 2 = -m, 0 = -3*m + q - 6*q + 2. Suppose c - 1 = -3. List the prime factors of (m - c)*1*9.
3
Suppose 0 = 7*t - 6*t + 114. Let l = -13 - t. What are the prime factors of l?
101
Suppose s + 2*s - 51 = 0. Let v = s + 10. List the prime factors of v.
3
What are the prime factors of (1 + (-1519)/3)/(28/(-42))?
2, 379
Suppose -6*q + 4*q + 10 = 0. Suppose -q*j = k + 178, -j + 2*j + 44 = 4*k. Let x = j + 75. List the prime factors of x.
3, 13
Suppose -2*v = v. Suppose 1 = -b - 4*z - 1, -5*b - 5*z + 5 = v. List the prime factors of 6*(3/(-6) + b).
3
What are the prime factors of (-62)/279 + (-21872)/(-9)?
2, 3, 5
Let z(n) be the first derivative of n**3/3 + 3*n**2 - 5*n + 30. List the prime factors of z(5).
2, 5
Suppose 41922 = 27*b - 17505. List the prime factors of b.
31, 71
Suppose 0 = 5*i - 2147 - 303. List the prime factors of i.
2, 5, 7
Suppose -13*a - 19*a = -384. What are the prime factors of a?
2, 3
Suppose 131 = 4*k + 43. Suppose -c = -f + k, 0*f + 14 = f + c. Suppose -62 = -4*l + 2*p, 5*l + f - 79 = -3*p. What are the prime factors of l?
2, 7
Suppose 0 = 4*g + 4*r - 5021 - 4751, 6 = 2*r. List the prime factors of g.
2, 5, 61
Let h be (73 + (2 - -2))*1. Let u = h - 30. List the prime factors of u.
47
Let o = -484 - -907. What are the prime factors of o?
3, 47
Suppose 0 = -230*b + 220*b + 12530. List the prime factors of b.
7, 179
Let h = 130 - 77. What are the prime factors of (h - 2)*(-25)/(-15)?
5, 17
Let m = -19 + 15. Let g(u) = -u - 1. Let d be g(m). Suppose 5*j = 3*w + j - 111, 132 = 3*w + d*j. What are the prime factors of w?
41
Let y = 6 - -10. Let r be (-14)/4 + (-8)/y. List the prime factors of (-30)/(-9)*(-18)/r.
3, 5
Let y = 10 + 16. Let z = y - 20. Suppose t - z = 37. List the prime factors of t.
43
Let s(x) = x**3 + 6*x**2 + 4*x - 2. Let b be s(-4). Suppose 0 = 2*o - 60 - b. What are the prime factors of o?
37
Let d(h) = h**2 + 3*h - 16. Let l be d(19). Let x = l - 260. List the prime factors of x.
2, 71
Let k(w) = w**3 - 31*w**2 + 35*w + 224. What are the prime factors of k(34)?
2, 2441
Suppose 5*w = 7*w - 8. Suppose n = -n - 3*q + 270, 0 = -4*n + w*q + 500. List the prime factors of n.
3, 43
Let s(q) = 20*q - 2. Let n(v) = 39*v - 3. Let m(u) = 4*n(u) - 7*s(u). Let t be (-4)/18 - (-11)/9. What are the prime factors of m(t)?
2, 3
Let f = 222 - 126. List the prime factors of f.
2, 3
Suppose o - 5 = 3*o - z, -5 = -4*o - 3*z. Let a(l) be the first derivative of -39*l**2/2 - 11. What are the prime factors of a(o)?
3, 13
Let s(j) = j - 15. Let l be s(0). Let k = l + 23. Let m = 13 - k. List the prime factors of m.
5
Suppose -3*y + 8*y = -3*p - 42, 0 = -4*p + y - 56. Let q be (-4)/p - 188/(-28). Let w = 22 - q. List the prime factors of w.
3, 5
Suppose -14 = 3*t - 4*a, a = 3*t + 4*a - 21. Let z = t - -30. List the prime factors of z.
2
Let x = 1629 - 740. List the prime factors of x.
7, 127
Let c(v) be the third derivative of v**5/15 - 5*v**4/12 - 3*v**3/2 - 4*v**2. What are the prime factors of c(5)?
41
Let b be -3 + (-5)/(5/(-14)). Let j(u) = -u**2 + 260*u - 270*u + 2*u**2 + 12. What are the prime factors of j(b)?
23
Let p be 2*5/25*5. Suppose 0*y + 5*y + p*f = 355, 4*y = 2*f + 302. List the prime factors of y.
73
Let j = -620 + 2249. What are the prime factors of j?
3, 181
Let n(x) = -x**3 + 21*x**2 + 3*x + 7. List the prime factors of n(7).
2, 3, 7, 17
Let t = 329 + -214. What are the prime factors of t?
5, 23
Let p be (-4)/(-12)*-3 - -24. Let u = 26 - p. Suppose 0 = u*l + 5*q - 109, 59 = 2*l - 3*q - 20. What are the prime factors of l?
2, 19
Let k(n) = 84*n**2 + 5*n - 4. List the prime factors of k(5).
3, 7, 101
Let g(f) = -f**3 + 7*f**2 + 11*f - 5. Let d be g(10). List the prime factors of 1*3 - (-3 + 1 + d).
2, 5
Let d = 1 - -3. Suppose 185 = q + d*q. What are the prime factors of q?
37
Suppose 196 = 2*a - 9*a. What are the prime factors of (-8)/1*(a - 1)?
2, 29
Let i = 1582 + -1465. List the prime factors of i.
3, 13
Suppose -5*f = -8*f. Let h be f*3/6*-1. Let j = h + 4. What are the prime factors of j?
2
Let k be -2*4/((-24)/(-9)). Let j be k/(-4) + (-2)/(-8). What are the prime factors of ((-64)/(-12))/(j/3)?
2
Suppose -3*b - 7*a + 18 = -10*a, 4*a = 8. What are the prime factors of b?
2
Suppose -25 = -5*j, -3*j - 2105 = -5*w + j. List the prime factors of w.
5, 17
Suppose -h + 3*d = -2*h + 43, 0 = -3*h + 3*d + 105. Let t = -92 - -163. Let v = t - h. List the prime factors of v.
2, 17
Let i(d) = 298*d**3 + d**2 + 3*d - 3. Let o be i(1). Let z = -165 + o. List the prime factors of z.
2, 67
Let t be (-1)/(-12)*3*12. Suppose -4*u - 2*p = u - 202, 5*u = t*p + 222. List the prime factors of u.
2, 3, 7
Suppose -15*w - 1764 = -18*w. What are the prime factors of w?
2, 3, 7
Let o be (-4)/(-14) - (-1557)/63. Suppose 5*b = o - 5. Suppose 2*r - 118 = -b*p + 22, 0 = -5*p - 2*r + 174. List the prime factors of p.
2, 17
Suppose 2*n + 2 = 0, 4*j + 0 = 5*n + 5. Let h = 1 - j. Suppose -5 = -t - h. What are the prime factors of t?
2
Suppose -15*c + 1986 + 25329 = 0. List the prime factors of c.
3, 607
Let m = -803 + 2063. Suppose m = -11*j + 20*j. What are the prime factors of j?
2, 5, 7
Let c = 84 + -97. Let x = 5 - c. What are the prime factors of x?
2, 3
Let v(t) = 10*t**2 + 4*t + 5. Let w be v(-3). Suppose -4*r + w = -45. What are the prime factors of r?
2
Suppose 9*p = 3*p + 3384. Suppose 4*s + p = 8*s - 5*a, -3*s + 450 = 3*a. List the prime factors of s.
2, 73
Let u(x) = 82*x**2 - 2*x. List the prime factors of u(-2).
2, 83
Let i(v) = 124*v. Let x be i(1). Let k = 183 - x. List the prime factors of k.
59
Suppose 2*n + 2 = 4. Let q(d) = -d**3 + 4*d**2 - 3*d + 3. Let v be q(3). List the prime factors of -4 + 3 + v*n.
2
Let n be -10*(2 - 36/(-5)). Let d(j) = -7*j**2 + 10*j + 15. Let x be d(-2). List the prime factors of 6/x + n/(-22).
2
Suppose 4*d - 450 = 398. What are the prime factors of d?
2, 53
Let f be 203/14 - 2/(-8)*-2. Suppose t = 44 + f. What are the prime factors of t?
2, 29
Let d(y) = y**2 + 14*y + 174. List the prime factors of d(27).
3, 7, 61
Suppose 5*r - 7*r = -1482. List the prime factors of r.
3, 13, 19
Suppose -2*o - 79 = 19. Let w = o + 85. List the prime factors of w.
2, 3
Let h(j) = -4*j**3 - 2*j**2 - j - 6. What are the prime factors of h(-6)?
2, 3, 11
Suppose 0 = -4*t, -4 = -2*z + 2*t - 0*t. What are the prime factors of z?
2
Suppose 0 = 3*h + 5*b + 215, -2*h = 3*h + 4*b + 367. Let j = -47 - h. List the prime factors of j.
2, 7
Let d = -22 - -18. Let u = 1 - d. Let z(m) = 2*m**2 + 3*m - 7. List the prime factors of z(u).
2, 29
Suppose -5 = 4*g - 17. Let u = 7 - g. Suppose -193 = -u*k - 69. What are the prime factors of k?
31
Let i be (-18)/(-81) - (-11)/(-9). What are the prime factors of 18 + i/(-1)*1?
19
Let t(b) = 2*b**2 + 6*b**3 - 6*b**3 + 2 - 4*b**3 + 5*b*